 11317061 is divided by 35927?
56
What is the remainder when 137140 is divided by 2243?
317
Calculate the remainder when 90841535 is divided by 184.
183
Calculate the remainder when 222370 is divided by 9657.
259
Calculate the remainder when 129703 is divided by 5011.
4428
Calculate the remainder when 2801258 is divided by 77.
75
What is the remainder when 173971 is divided by 3156?
391
Calculate the remainder when 231559 is divided by 1735.
804
Calculate the remainder when 31578 is divided by 30823.
755
Calculate the remainder when 225996644 is divided by 35.
34
Calculate the remainder when 2695322597 is divided by 40.
37
Calculate the remainder when 69733 is divided by 3166.
81
What is the remainder when 600955 is divided by 2707?
1
What is the remainder when 19089015 is divided by 58?
55
What is the remainder when 134105973 is divided by 216?
213
What is the remainder when 58651 is divided by 1297?
286
What is the remainder when 9773504 is divided by 361981?
17
Calculate the remainder when 8353410 is divided by 835340.
10
What is the remainder when 13101116 is divided by 706?
580
Calculate the remainder when 24810 is divided by 3898.
1422
What is the remainder when 110452 is divided by 110404?
48
What is the remainder when 67945 is divided by 1548?
1381
Calculate the remainder when 8640791 is divided by 5354.
4789
Calculate the remainder when 100916 is divided by 4665.
2951
What is the remainder when 54504 is divided by 16?
8
Calculate the remainder when 275451133 is divided by 167.
164
What is the remainder when 1356255 is divided by 5295?
735
What is the remainder when 24222671 is divided by 113190?
11
What is the remainder when 29632406 is divided by 380?
6
Calculate the remainder when 18837 is divided by 18603.
234
Calculate the remainder when 32257112 is divided by 1673.
1672
What is the remainder when 8151185 is divided by 5?
0
Calculate the remainder when 2168774 is divided by 234.
62
Calculate the remainder when 61452 is divided by 30477.
498
Calculate the remainder when 178249046 is divided by 497.
493
Calculate the remainder when 17441696 is divided by 26.
12
What is the remainder when 27588 is divided by 17039?
10549
Calculate the remainder when 2683404 is divided by 58334.
40
What is the remainder when 156497757 is divided by 1661?
1659
Calculate the remainder when 4027897 is divided by 2013917.
63
What is the remainder when 52596883 is divided by 5259687?
13
What is the remainder when 1961353 is divided by 9?
1
Calculate the remainder when 6202967 is divided by 11.
1
What is the remainder when 2672113 is divided by 1405?
1208
What is the remainder when 1442239 is divided by 1957?
1887
What is the remainder when 138202 is divided by 44?
42
Calculate the remainder when 14873604 is divided by 374.
372
Calculate the remainder when 8669183 is divided by 1024.
1023
What is the remainder when 26575955 is divided by 97?
89
Calculate the remainder when 405164 is divided by 88.
12
What is the remainder when 186328 is divided by 3582?
64
Calculate the remainder when 299690 is divided by 37456.
42
What is the remainder when 1612173 is divided by 403043?
1
Calculate the remainder when 19157883 is divided by 623.
10
Calculate the remainder when 59706 is divided by 196.
122
What is the remainder when 52706561 is divided by 84?
5
What is the remainder when 18462 is divided by 1162?
1032
Calculate the remainder when 1272156 is divided by 342.
258
Calculate the remainder when 3442648 is divided by 395.
223
Calculate the remainder when 13946619 is divided by 29.
26
Calculate the remainder when 121628193 is divided by 76.
73
What is the remainder when 346111 is divided by 345500?
611
Calculate the remainder when 18328370 is divided by 704937.
8
What is the remainder when 8670400 is divided by 28?
4
What is the remainder when 2862141 is divided by 852?
273
Calculate the remainder when 1067998 is divided by 1200.
1198
Calculate the remainder when 282290 is divided by 266.
64
Calculate the remainder when 2819 is divided by 959.
901
Calculate the remainder when 3141762 is divided by 23970.
1692
What is the remainder when 5030038 is divided by 5030022?
16
What is the remainder when 26026003 is divided by 129?
124
Calculate the remainder when 52820 is divided by 483.
173
Calculate the remainder when 2840731 is divided by 291.
280
Calculate the remainder when 6410304 is divided by 1831.
1804
Calculate the remainder when 165953 is divided by 23550.
1103
What is the remainder when 1486050 is divided by 2549?
2532
Calculate the remainder when 13054978 is divided by 15616.
2
Calculate the remainder when 2911077 is divided by 11644.
77
Calculate the remainder when 255664 is divided by 24.
16
What is the remainder when 3665832 is divided by 27356?
128
What is the remainder when 157511803 is divided by 13395?
13393
What is the remainder when 605674 is divided by 172?
62
What is the remainder when 927549 is divided by 1737?
1728
What is the remainder when 11538666 is divided by 3669?
3330
What is the remainder when 19178883 is divided by 134?
133
Calculate the remainder when 735347 is divided by 419.
2
What is the remainder when 310038 is divided by 14114?
13644
Calculate the remainder when 22041805 is divided by 40.
5
Calculate the remainder when 25469383 is divided by 600.
583
What is the remainder when 210644 is divided by 795?
764
Calculate the remainder when 38380597 is divided by 41.
5
What is the remainder when 51816556 is divided by 51816549?
7
Calculate the remainder when 8418129 is divided by 246.
9
What is the remainder when 376243 is divided by 69?
55
Calculate the remainder when 391100 is divided by 4712.
4
Calculate the remainder when 1325818 is divided by 66287.
78
Calculate the remainder when 245555 is divided by 16286.
1265
What is the remainder when 12709675 is divided by 69833?
69
Calculate the remainder when 689426 is divided by 1811.
1246
What is the remainder when 364484 is divided by 121398?
290
Calculate the remainder when 1715529 is divided by 2309.
2251
What is the remainder when 116121594 is divided by 38707189?
27
What is the remainder when 57184 is divided by 207?
52
Calculate the remainder when 65100 is divided by 2288.
1036
Calculate the remainder when 206123613 is divided by 288.
285
Calculate the remainder when 961466 is divided by 240257.
438
What is the remainder when 940057 is divided by 5000?
57
What is the remainder when 79324 is divided by 79151?
173
What is the remainder when 235579 is divided by 446?
91
Calculate the remainder when 358777 is divided by 119570.
67
What is the remainder when 77096513 is divided by 11013782?
39
Calculate the remainder when 34445 is divided by 5480.
1565
What is the remainder when 859058 is divided by 428?
62
What is the remainder when 45532 is divided by 8955?
757
What is the remainder when 248069 is divided by 82605?
254
What is the remainder when 35084727 is divided by 72?
63
What is the remainder when 442251 is divided by 611?
498
What is the remainder when 1674524 is divided by 1413?
119
Calculate the remainder when 26118241 is divided by 149.
31
What is the remainder when 50809 is divided by 4298?
3531
What is the remainder when 274407 is divided by 34294?
55
Calculate the remainder when 72478139 is divided by 714.
713
Calculate the remainder when 599144 is divided by 24959.
128
Calculate the remainder when 35765634 is divided by 3719.
11
Calculate the remainder when 1290212 is divided by 435.
2
What is the remainder when 80525 is divided by 241?
31
Calculate the remainder when 156572 is divided by 2525.
22
Calculate the remainder when 3487331 is divided by 85050.
281
Calculate the remainder when 383905997 is divided by 3547.
3546
Calculate the remainder when 18780109 is divided by 1565009.
1
What is the remainder when 508076 is divided by 1012?
52
What is the remainder when 3009507 is divided by 219?
9
Calculate the remainder when 1890317 is divided by 1890316.
1
What is the remainder when 3011243 is divided by 501872?
11
Calculate the remainder when 42340431 is divided by 2259.
2253
Calculate the remainder when 294450 is divided by 147216.
18
What is the remainder when 130692179 is divided by 4518?
4511
Calculate the remainder when 23440 is divided by 7024.
2368
What is the remai